38?
35
Suppose 0 = 3*o - 2*y - 910, -y + 332 + 1176 = 5*o. Suppose 12*i + o = 13*i. Suppose -7*a + i + 307 = 0. Calculate the remainder when a is divided by 18.
15
Let c = -125 - -116. Calculate the remainder when (-3)/c - (5 + (-4026)/18) is divided by 44.
43
Let z = -8509 + 8940. What is the remainder when 906 is divided by z?
44
Let u = -10427 - -10437. Calculate the remainder when ((-30)/50)/((-2)/110) is divided by u.
3
Let q = -368 + 53. Let m be 5/(q/(-486)) + (-2)/(-7). Suppose -5*g - 45 = -m*g. Calculate the remainder when 40 is divided by g.
10
Let l(h) = 6*h**3 - 34*h**2 - 65*h + 30. Let y(a) = a**3 - 7*a**2 - 13*a + 6. Let v(i) = 2*l(i) - 11*y(i). Calculate the remainder when 837 is divided by v(-6).
21
What is the remainder when (-4503)/(-114)*(-1 + 45) is divided by 249?
244
Let b = 16 + -3. Suppose 3*a + 40 = b. Let q = 58 - a. Calculate the remainder when q is divided by 23.
21
Suppose 5*c - 1147 = -26*c. What is the remainder when 96 is divided by c?
22
Suppose 5*b + 49*f = 47*f + 5540, -f = -3*b + 3335. What is the remainder when b is divided by 124?
118
Let x(w) be the second derivative of 2*w**3/3 + 22*w**2 - 4*w + 3. Let q = 61 + -48. Calculate the remainder when q is divided by x(-9).
5
Suppose -1 = -x + 3. Let o be -4*(x - (-50)/(-8)). Suppose o*z - 59 = 130. Calculate the remainder when 61 is divided by z.
19
Let w(u) = u**3 + 43*u**2 + 190. What is the remainder when 584 is divided by w(-43)?
14
Let v(l) = l**3 + 24*l**2 - 7*l - 87. Let z(j) = 36*j - 5. What is the remainder when z(9) is divided by v(-24)?
76
Let h(s) = -2*s**3 - 4*s**2 - 4*s - 8. Let i be h(-2). Suppose i = 2*k - 8, -a - 5*k = -28 + 3. What is the remainder when 6 is divided by a?
1
Suppose 0 = -13*t - 15 + 2. What is the remainder when -1*142*t/2 is divided by 18?
17
Let a(i) = -3*i**3 + 3*i**2 + 6*i + 1. Suppose 5*l = 4*p - 215, 3*p - 10*l = -5*l + 170. What is the remainder when a(-4) is divided by p?
37
Let u be -1 + (1 + 0)*0 + 4. Suppose 2*c - 2*h - 86 = h, 114 = u*c + 3*h. Suppose -5*y + c = -3*y. What is the remainder when 138 is divided by y?
18
Suppose -196*n - 48 = -200*n. Suppose -3*x + 5*j = 2*x - 105, 2*x = -4*j + 30. What is the remainder when (19 - -2)/(n/32)*2 is divided by x?
17
Let f = 330 + -236. Let y(u) = -17*u**3 - 1. Let i be y(-1). Let a(q) = -q**3 + 17*q**2 - 16*q + 24. Calculate the remainder when f is divided by a(i).
22
Let l(r) = 4*r + 12. Let u = 80 - 84. Let p be l(u). What is the remainder when 30 is divided by (9 + 1 - -2) + p?
6
Suppose -97 = -d + 3*o, -4*d + 39*o + 433 = 36*o. What is the remainder when d is divided by 26?
8
Suppose -1 = -d - 2*h + 321, 3*d - 3*h - 1020 = 0. What is the remainder when d is divided by 12?
10
Let b(n) = n**3 - 21*n**2 + 20*n + 26. Let d = 329 - 309. Calculate the remainder when 87 is divided by b(d).
9
Let n = 53 - 56. What is the remainder when (4 + (-2)/n)/(4/114) is divided by 27?
25
What is the remainder when 468 is divided by (476/(-17))/(-84) - (-17)/3?
0
Suppose -8808 = -120*j + 166152. Calculate the remainder when j is divided by 113.
102
Let u(x) = 2*x**2 - 63*x - 15. Let q be u(-20). Suppose 0 = -q*c + 2051*c - 3810. Calculate the remainder when c is divided by 12.
11
Suppose -95*c = 2*q - 93*c - 1198, -5*q = 4*c - 2989. What is the remainder when q is divided by 84?
5
Suppose -2*z + 358 = -2*u, -5*u = -3*z - z + 720. Let c(d) = -297*d - 15428. Calculate the remainder when z is divided by c(-52).
15
Suppose 2*r - 2*s - 93 = 2669, 5516 = 4*r - 2*s. Calculate the remainder when r is divided by 69.
66
Suppose -50*u + 52*u - 9459 = -5*i, -5*u - 4*i + 23673 = 0. Calculate the remainder when u is divided by 1577.
6
Calculate the remainder when -1*1/2*(15 - 3) + 72 is divided by 41.
25
Let d(o) = -o**2 + 20*o - 161. Let x be d(12). Let b = 157 + x. Calculate the remainder when b is divided by 13.
1
Let m(v) be the first derivative of 1/2*v**2 - 22 + 5/4*v**4 + v - 5/3*v**3. What is the remainder when 42 is divided by m(2)?
19
Let y = -148 - -377. Let a(w) = w. Let x(k) = -28*k**3 - k**2 - 7*k + 1. Let p(o) = -6*a(o) - x(o). What is the remainder when y is divided by p(1)?
26
Let w(s) = 2*s**2 - 58*s - 185. Let n be w(32). Let d = 1 - -10. Suppose -d*k + 10*k + n = 0. Calculate the remainder when 19 is divided by k.
5
Suppose 4*v + 0*d = d + 28, 2 = v + d. Let r(o) = 30 - v*o + 2*o + 2*o + o. Calculate the remainder when 61 is divided by r(13).
10
Let n be 1/(-6) - (-1865)/30. Let v = -41 + n. Calculate the remainder when 312 is divided by v.
18
Let u = -56850 - -83496. What is the remainder when u is divided by 50?
46
What is the remainder when 269 is divided by ((-8)/4)/(2/(-256))?
13
Let p(d) = 49*d - 80. Let a = -500 + 502. Calculate the remainder when 4*(-2 - 177/(-12)) is divided by p(a).
15
Suppose 5*b + 8*q = 5*q + 899, 902 = 5*b + 4*q. Calculate the remainder when 744 is divided by b.
32
Suppose w - 392*a - 135 = -395*a, w = -2*a + 139. What is the remainder when w is divided by 66?
15
Let x be (-30)/15*(0 + -3). Let q be (-2)/(-4) + (-3)/x. Suppose q*y = 3*y - 63. Calculate the remainder when 83 is divided by y.
20
Suppose -m + 8*m - 847 = 0. Let l(u) = 2*u**2 + 4*u - 105. What is the remainder when m is divided by l(-9)?
16
Suppose -689 + 1814 = -5*h. Let w = -121 - h. What is the remainder when w is divided by 12?
8
Let x(h) = -12*h + 15. Suppose -4 = 3*y + c, 3 = -c - 2*c. Calculate the remainder when 53 is divided by x(y).
26
Calculate the remainder when 10942 is divided by (-6)/(-16) + (-979)/712 + 172.
169
Suppose -3*i - 2155 = -5*h, 3*i - 2*h + 1158 + 982 = 0. Let n = 742 + i. Calculate the remainder when 91 is divided by n.
27
Let z(c) = -c**2 + 11*c + 7. Let j be z(9). Suppose 4*q + 4*v - 39 - 5 = 0, -5*v = j. Let d(w) = 8*w + 9. What is the remainder when d(8) is divided by q?
9
Let g(z) = z**2 - 3*z + 22. Let f(a) = -a - 2. Let s(l) = 4*f(l) + g(l). What is the remainder when 3 is divided by s(4)?
1
Suppose 0*b - 3*k - 147 = -2*b, 2*b - k - 141 = 0. Let l be (200/30)/(2/21). Suppose -l*d = -b*d - 3. What is the remainder when 32 is divided by d?
2
Let c(x) = 3 - 28*x - 28*x + 3*x**2 + 78*x - 26*x. Let q be c(1). Suppose -2*a - q*a = -232. What is the remainder when a is divided by 16?
10
Let x(c) = -c**2 + 22*c - 55. Suppose 3*t - 2*z + 86 = -21, 3*z = 4*t + 143. What is the remainder when (-10)/(-6)*(-126)/t is divided by x(19)?
0
Let x = -4 - -18. Suppose -3*w + 1 = -4*h + 61, 2*h + w - 20 = 0. Suppose x*j - 164 = h*j. Calculate the remainder when j is divided by 21.
19
Let i(c) = -423*c**3 + 11*c**2 + 15*c - 1. Calculate the remainder when i(-2) is divided by 17.
14
What is the remainder when 1361 is divided by (-33)/(-2)*(17 + 43/(-3))?
41
Let y be 2/(-4) + 4*(-237)/(-24). Suppose -4*x + 93 = -y. Suppose 0 = 9*m - x - 129. Calculate the remainder when 70 is divided by m.
16
Let z = 11779 - 11228. What is the remainder when z is divided by 194?
163
Let i = 326 + 116. Let h = i - 373. Calculate the remainder when h is divided by 4.
1
Let k be 6*((-10)/(20/(-6)))/3. Suppose 2*x - 370 = -2*g, -k*g = -10*g + 4. Calculate the remainder when x is divided by 62.
60
Let n be (-973)/(-14)*16/(-2). Let f = n - -570. What is the remainder when 43 is divided by f?
1
Let m(o) = 36*o**2 - 9*o + 1. Let f be m(-3). Let h = 555 - f. Suppose b - 53 = 4*l + 62, -2*b - l = -h. What is the remainder when b is divided by 21?
19
Let j(l) = -l**2 - 2*l - 1. Let g(z) = 5*z**2 - 2*z + 21. Let m(w) = g(w) + 6*j(w). Calculate the remainder when 103 is divided by m(0).
13
Let h(q) = -4*q + 4. Let t be (57/(-38))/(74/(-68) + 1). Calculate the remainder when h(-7) is divided by t - (2 + 1)/(-3).
14
Suppose 4*g - 38 = -f + 49, 42 = 2*g + 2*f. Suppose -g*k - 468 = -28*k. Let p = -22 - -63. What is the remainder when k is divided by p?
37
Suppose -44*y + 12987 = -50585 + 5800. What is the remainder when y is divided by 28?
25
Let f(u) = -57*u + 12. Let w be f(-9). Suppose 69*n - w = 54*n. Calculate the remainder when 65 is divided by n.
30
Let k(n) = n**3 - 23*n**2 + 23*n - 42. Let y be k(21). Suppose 0 = 5*w + 46 - 276. What is the remainder when w is divided by (y/84)/(6/(-16))?
4
Suppose 0 = -4*o + o + 3*x + 99, -3*o + 109 = -x. Suppose -892*f - 2688 + 7148 = 0. Calculate the remainde